of s*4/(-12)*-37?
3
Let s(p) = p**3 + 11*p**2 + 5*p. Let t be s(-9). Let g(q) = -47*q + 1. Let c be g(-1). Suppose 3*m - t = -c. What is the tens digit of m?
2
Suppose -4*i = -132 - 72. Let d = -94 - -172. Let j = d - i. What is the tens digit of j?
2
Let t(z) = -4*z - 32. Let a be t(-16). Let w = 92 - a. What is the tens digit of w?
6
Suppose j - 4*y - 120 = -7*y, 3*j - 320 = -y. Let k = 160 - j. What is the units digit of k?
5
Let f = 169 - 67. Suppose -2*s + 188 = 2*z - 0*z, z + 5*s = f. What is the tens digit of z?
9
Let k = 83 - 128. Let b = -37 - k. What is the units digit of b?
8
Suppose -552*z + 547*z + 310 = 0. What is the tens digit of z?
6
Let i = -6928 - -11921. What is the units digit of i?
3
Let y = 1191 - -1196. What is the thousands digit of y?
2
Let i = -41 - -46. Suppose 3*t - 602 = -i*u, -4*u = 4*t - 710 - 98. What is the hundreds digit of t?
2
What is the units digit of ((-10)/(-4))/((-7)/(-28))?
0
Suppose -89 - 31 = -6*y. Let u be 60/14 + (-4)/14. Suppose 0 = -u*s - 4*m, -m = 5*s - 0*m - y. What is the units digit of s?
5
Let r(u) = 4*u**2 - 8*u + 7. Let k = -11 - -16. Let f be r(k). Let y = f - 25. What is the units digit of y?
2
Suppose -82 = n - 4*j, 113 = 4*n - j + 366. Suppose 4*u = 4*i - 108, -u = i - 0*i + 23. Let c = u - n. What is the units digit of c?
7
Let l = 82 + -62. Suppose 5*s - x = -411 + 2339, 5*s - 1936 = -3*x. What is the tens digit of s/8 + l/(-80)?
4
Let f = 13 + -10. What is the units digit of (3/(-9))/(f/(-477))?
3
Suppose 8*c = -3712 + 36056. What is the tens digit of c?
4
Let k be ((-8)/(-14))/((-4)/(-14)). What is the units digit of ((264 - k) + 5)/(3/3)?
7
Let u be -3 - (32/48)/((-4)/78). Suppose -x + 2*x = 3. Suppose -x*v + 59 = -u. What is the units digit of v?
3
Suppose 8*z = 6143 - 1311. What is the units digit of z/4 + 1 + (-3 - -4)?
3
Suppose -12 = -3*z, -4*x + 2*z = -z - 252. Suppose -x - 1419 = -11*u. What is the hundreds digit of u?
1
Let m(z) be the second derivative of 0 + 1/6*z**3 + z**2 + 5/12*z**4 - 1/20*z**5 + 3*z. What is the units digit of m(5)?
7
Let z(p) = 2*p**3 + 3*p**2 - 2. Let x be z(-2). Let h(d) = -d**2 - 7*d - 2. Let s be h(x). Suppose -28 = s*i - 100. What is the units digit of i?
8
Let h be -53*2/(1*-2). Let s(m) = -4*m - 89. Let y be s(-27). Let u = h - y. What is the units digit of u?
4
Let s(r) be the second derivative of -r**5/20 - r**4/2 + 2*r**3/3 - 8*r**2 - 48*r. What is the units digit of s(-7)?
5
Let u(f) = 12*f + 7. Let y(t) = 12*t + 8. Let a(o) = 4*u(o) - 3*y(o). What is the units digit of a(5)?
4
Let t = -1121 - -1115. Let k be (-1 - -15)*(-1)/2. Let i = t - k. What is the units digit of i?
1
Suppose 5*a - 4 = a. Suppose 0 = y - 6 - a. Let d = y - -56. What is the units digit of d?
3
Let l be (18/(-8))/((-9)/36). Suppose 3*q - l*q = -582. What is the tens digit of q?
9
Let b(o) = o**2 - 21*o - 117. What is the hundreds digit of b(31)?
1
Suppose i - 5*z - 430 = 0, -2*i + 218 = 4*z - 698. What is the tens digit of i?
5
Let q(c) = -c**3 + 6*c**2 + 2*c - 6. Suppose 0*m + 39 = 4*m - 3*r, 3*r - 9 = -4*m. What is the units digit of q(m)?
6
Let c be (-6)/(2 - -1) - 19. Let o be 495/12 + c/(-28). What is the tens digit of o + -1 + 1/(-1)?
4
Suppose 5*l - 8144 = -2*c, -c = -4*c - l + 12242. What is the hundreds digit of c?
0
Let s = 14 + -53. Let n be (-8)/(-6) + 403/s. What is the units digit of (-1)/(-1)*n/(-1)?
9
Suppose -19 = -3*z - 13. Suppose -p - g + 12 = -0*p, -4*g + 16 = z*p. What is the units digit of p?
6
Let s = -4358 - -8549. What is the thousands digit of s?
4
Let m be 137/9 - 6/27. Let y = -9 + m. Suppose y = 4*v - 46. What is the tens digit of v?
1
Suppose 0 = -19*y - 1 + 20. What is the hundreds digit of -1 + y + 7 + (-900)/(-4)?
2
What is the thousands digit of 1293 + ((-10)/(-35)*7 - 7)?
1
Suppose 0 = -4*n - 3*p + 1534, 2*p - 3*p + 1148 = 3*n. Suppose n = 10*c - 68. What is the tens digit of c?
4
Suppose 3*v = -0*v. Suppose 0 = 5*k - 5*q - 45, v*q + 30 = 4*k - q. Suppose -k*d = -2*d - 40. What is the units digit of d?
8
Let o = 16 + -14. Let z(m) = 11*m**2 + 2. What is the tens digit of z(o)?
4
Suppose 0 = 10*y - 24*y + 3780. What is the hundreds digit of y?
2
Suppose 4*j - 1263 = 10457. What is the units digit of j?
0
Let u = 613 + -583. What is the tens digit of u?
3
Suppose 2*o = g + 18, -o + 2*g = -2*g + 5. Let h = o + 0. What is the units digit of h?
1
Suppose 8*z + 768 = 12*z. Suppose z = 3*b - 2*b - 4*h, -4*h = -20. What is the units digit of b?
2
Let t = -933 + 523. Let j = t - -266. What is the units digit of (-1 - -2)*j/(-6)?
4
Suppose 4*q + 8*h = 4*h + 1932, -981 = -2*q + h. What is the tens digit of q?
8
Let a = 286 - 161. Suppose -a = -4*b + 163. What is the units digit of b?
2
Suppose -17 = m - 19. Suppose -2*t - 1 + 135 = q, m*q - t - 253 = 0. What is the units digit of q?
8
Suppose 36*t - 28*t - 7416 = 0. What is the units digit of t?
7
Suppose -42*l + 54*l = 2616. What is the units digit of l?
8
Let f = -702 + 1009. What is the tens digit of f?
0
Suppose -x + 9900 = 10*x. What is the hundreds digit of x?
9
What is the thousands digit of (-2922)/5*5/2*-1?
1
Let v(i) = -i**2 + 7*i - 13. Let y be v(10). Let f = y - -29. What is the units digit of (5 + -6)/(2/f)?
7
Suppose -3*v + 63 = 5*p, p - 5*v + 0*v - 35 = 0. Let h = p - 11. What is the units digit of (70/(-15))/(h/(-42))?
9
Let g(o) = o - 1. Let k(l) = -12*l - 3. Let h(y) = 4*g(y) - k(y). Suppose 20*v - 84 = -24. What is the tens digit of h(v)?
4
Let t = 1 + 2. Suppose -4*h - 5*s = -2*h - 46, 3*h = -5*s + 74. Let u = t + h. What is the units digit of u?
1
Suppose 50060 = 9*r + 19604. What is the thousands digit of r?
3
Let p(n) = -72*n + 94. What is the units digit of p(-9)?
2
What is the hundreds digit of 84/21 + 1*247/1?
2
What is the hundreds digit of 2010/4*(-72)/(-108)?
3
Let v be (-6)/(-5)*2990/(-39). Let z = v + 158. What is the tens digit of z?
6
Let g be 3 + (-3 - -3) - 1. Suppose 0 = 4*s - 2*p - 6, -3*s - 5*p = -g*s - 7. Suppose -18 = -3*h - s*n + 116, -100 = -2*h + 4*n. What is the units digit of h?
6
Let v(b) be the third derivative of b**6/120 + 2*b**5/15 - 13*b**4/24 - 13*b**3/6 + 23*b**2. What is the tens digit of v(-9)?
2
Let c(k) = -2 + 15 + k**2 + 7 + 20*k - 9*k. Let j be c(-9). Suppose b - j = -b. What is the units digit of b?
1
Suppose -4*m = -69 - 7. Suppose -5*i = -m - 26. What is the units digit of (-6)/i + (-202)/(-6)?
3
Let n(v) = v**3 - 11*v**2 + 6. Let y be n(11). Suppose -25 = y*b - b. What is the tens digit of (-3)/(b/((-260)/(-6)))?
2
Let d(r) = -r**3 - 4*r**2 + 6*r - 3. Let z be d(-6). Suppose -12*k + 4*k + 64 = 0. Suppose u - z - k = 0. What is the units digit of u?
1
Let j(n) = n**2 + n. Let k(w) = 4*w**2 + 10*w + 18. Let u(p) = 6*j(p) - k(p). What is the units digit of u(-7)?
8
Suppose -15*l - 4235 = -5*h - 10*l, -2*h - 3*l + 1689 = 0. What is the tens digit of h?
4
Suppose 3*h - 3*o + 7856 = 8*h, -2*o + 4713 = 3*h. What is the units digit of h?
3
Let a(t) = -t**3 + 10*t**2 - 10*t + 14. Let o be a(9). Suppose 51 = l + 5*m, 0 = -o*l + 3*m - 59 + 286. What is the tens digit of l?
4
Let r(f) = -f**3 + 12*f**2 - 26. Let p be r(12). Let i = 36 + p. What is the tens digit of i?
1
Let i = -2291 + 4018. What is the units digit of i?
7
Let d(a) = -a**2 + 13*a + 1. Let u be d(13). What is the units digit of 732/(-24)*u*-2?
1
Let l = 2571 + 1089. What is the units digit of l?
0
What is the units digit of (-5763)/(-7) + 72/(-56) + 1?
3
Let k be (2/(-2))/((-8)/32). Suppose d - 5 = 0, -2*s + 4*d = 30 + k. Let w(c) = -5*c + 26. What is the tens digit of w(s)?
6
Let k be (3 - 9)*(-1)/3. Suppose k*g = 4*g + 12. What is the tens digit of 1000/30 + (-4)/g?
3
Let f be 2/(-10)*(-15)/3. Let z(o) = -8*o**3 - o**2 - o + 1. Let h be z(f). Let j = 25 + h. What is the tens digit of j?
1
Let m(k) = 12*k - 3. Let z(g) = -3*g + 1. Let y be (-25)/3 + (-2)/3. Let s(h) = y*z(h) - 2*m(h). What is the tens digit of s(5)?
1
Suppose -2*q - 26 = 4*p - 6, 40 = -4*q - 5*p. Let b = q + 36. Let k = -18 + b. What is the units digit of k?
8
Let x = 5193 + -2805. What is the thousands digit of x?
2
Let j be 30/9*(-42)/(-35). Let a(y) = 2*y. Let n be a(3). Suppose -4*k - 18 = -2*w, -j*w - 3*k = -30 - n. What is the units digit of w?
9
Suppose 2*s - 90 = -i + 117, 4*i = s - 126. Suppose 